u - 67 = d - 2*u. Let v = 3 - d. What is the units digit of (-1996)/(-18) + 10/v?
1
Let y = 552 + -551. What is the hundreds digit of 3*(-1 + 3904/12)/y?
9
Suppose -3*o = -2*x + 12, 15 = x - 5*o + 2. Suppose x*c - 625 = -2*c. What is the units digit of c?
5
Let n be ((-68)/6)/((-11)/(-132)). Let h(q) = 3*q**3 - q**2 - 6*q + 2. Let x be h(-3). Let p = x - n. What is the tens digit of p?
6
Let l = 540 - 100. Let w = l - -204. What is the tens digit of w?
4
Let l(p) be the third derivative of -p**6/80 + p**5/5 - 7*p**4/12 - 12*p**2. Let v(i) be the second derivative of l(i). What is the units digit of v(-8)?
6
Let h(t) = -5*t**3 + 25*t**2 + 135*t + 43. What is the units digit of h(-6)?
3
Let a(f) = -19*f + 15. Let n(g) = 52*g - 44. Let t(o) = -11*a(o) - 4*n(o). Suppose 0 = -b - 3*b - 32. What is the units digit of t(b)?
3
Suppose -2*h = -4*h + 24. What is the units digit of 4 + 8/h*255?
4
Let v be (2/(-4))/((-48)/96). What is the hundreds digit of ((-4296)/20)/(v - (-115)/(-100))?
4
What is the thousands digit of (-2)/(-31) + -68*(-24525)/1550?
1
Let u(s) = 5*s**2 - s - 6. Let f be u(10). Suppose -3*d + 2*z + f = 0, -314 = 3*d - 5*d - 3*z. Suppose -d + 450 = 5*l. What is the units digit of l?
8
Suppose -2*n + 785 = 227. Let z(q) = q**2 + 27*q - 196. Let a be z(6). Suppose a*d - n = -d. What is the units digit of d?
3
Suppose -3*p + 3*w + 58116 = 0, 16*w = 3*p + 17*w - 58088. What is the ten thousands digit of p?
1
Suppose -29*t + 217228 + 28753 + 225414 = 0. What is the thousands digit of t?
6
Let q = -37 - -43. Let i be (-304)/q*((-33)/6 - -4). Suppose -7*v - i = -8*v. What is the tens digit of v?
7
Suppose -11*k + 8*k = -159. Let l = k - 57. What is the tens digit of (l - 0)/(10/(-80))?
3
Suppose 16*w - 110 = 11*w. Suppose 2*o - 1 = -0*o + 3*n, -5*o + n + w = 0. Suppose 0 = -z - o*l + 46, z = -2*z - 4*l + 193. What is the units digit of z?
1
Let y(m) = -m**3 - 23*m**2 - 21*m + 47. Let d be y(-22). Suppose -d*c + 2196 = -21*c. Suppose 0 = 16*a - 13*a - c. What is the hundreds digit of a?
1
Suppose 5*d = -5*i + 67485, -5*i - 7*d = -10*d - 67501. What is the ten thousands digit of i?
1
Suppose 0 = 68*x - 1850381 + 186236 - 2075787. What is the units digit of x?
9
Let a(y) be the first derivative of -2*y**4 + y**3 + 4*y**2 + 13*y + 144. What is the tens digit of a(-4)?
4
Suppose 0 = -5*s + 12437 - 1012. Suppose -681 = -y + 5*w - 236, s = 5*y - 5*w. What is the hundreds digit of y?
4
Let q = -3719 + 5223. What is the units digit of q?
4
Let z(b) = b**3 + 8*b**2 + 4*b - 15. Let g be z(-7). Let a = g + -138. Let r = 205 + a. What is the units digit of r?
3
Suppose y = -10 + 7, -n + 21550 = -y. What is the tens digit of n?
4
Let q = -8621 + 16979. What is the thousands digit of q?
8
What is the units digit of (-63)/(-6) + -4 + 6/(-12) + 8840?
6
Suppose -5*b + 40 = 5*b. Suppose -5*m = b + 101. What is the hundreds digit of (m/(-9))/(-1)*-72?
1
Let v = -577 - -588. Suppose 0 = v*y - 5403 - 2561. What is the units digit of y?
4
Let b(x) = -40*x - 112. Let f(p) = -81*p - 221. Let n(t) = -5*b(t) + 2*f(t). What is the tens digit of n(12)?
7
Let w(b) = -b**3 - 19*b**2 - 19*b - 14. Let f be w(-18). Let y = f - 4. Suppose 3*a = 5*m - 740, y = -3*a + 5*a. What is the units digit of m?
8
Let x be (-220104)/(-243) + (-2)/(-9). Suppose -a - 4*l + 673 = 2*a, -l + x = 4*a. What is the tens digit of a?
2
Let o = 6225 + 13963. What is the ten thousands digit of o?
2
Let r(x) = -x**3 + 6*x**2 - 3*x - 2. Let z be r(5). Let h(k) = k. Let p(u) = 11*u - 34. Let o(i) = -5*h(i) + p(i). What is the tens digit of o(z)?
1
Suppose -703619 = -77*v + 1359904. What is the thousands digit of v?
6
What is the units digit of 1650797988/21483 + (-4)/66?
2
Let t = -1 - -11. Let p = -1225 - -1549. Suppose -t*d = -6*d - p. What is the units digit of d?
1
What is the units digit of (-46932)/9*(-95)/228*9?
5
Let p = 1006 + 7958. What is the units digit of p?
4
Suppose -17*i + 30518 = -121085 + 11302. What is the tens digit of i?
5
Let l = 263 + -85. Suppose 2*h = -l - 1098. What is the units digit of (-4)/(-6) - h/33?
0
Suppose -5*s = 5*c - 27285, -5*c + 33317 - 6022 = -5*s. What is the units digit of c?
8
Let w(r) = -r**2 + 15*r - 20. Let s be w(14). Let h be s/5*10/(-4). Suppose -4*q = -h*u + 177, -4*u - 2*q = -5*u + 59. What is the units digit of u?
9
Suppose 1757*z + 5*l = 1755*z + 73175, -z + 4*l = -36568. What is the tens digit of z?
8
Let z(u) be the second derivative of 0 + 21*u - 3/2*u**3 - 3/4*u**4 - 1/20*u**5 - 21/2*u**2. What is the tens digit of z(-9)?
6
Suppose 2*v = 19 + 91. Suppose -v*o + 68*o - 17186 = 0. What is the thousands digit of o?
1
Suppose 2*m + p - 17999 = 0, -4*m - 8*p = -3*p - 36001. What is the thousands digit of m?
8
Let t(q) = -4 + 11*q**3 + 0 - q + 3*q**2 + 12*q**3 - 22*q**3. Let h be t(-2). Suppose h*c - 64 - 150 = 0. What is the hundreds digit of c?
1
Suppose 21*j = -22*j + 215. What is the hundreds digit of 247 + -6 + j/5?
2
Let i(d) = 2*d**3 + 2*d**2 + 2*d - 6. Let h be i(-5). Let y = h + 401. What is the hundreds digit of y?
1
Let b(t) = -t**2 - 5*t - 39. Let v be (-6)/(-18) + (-28)/3. Let g be b(v). What is the tens digit of 6/(-10) + (-3795)/g + 2?
5
Suppose n + 11*x - 1770 = 15*x, -3553 = -2*n - 5*x. What is the thousands digit of n?
1
Suppose 4*k + 436 = 4*y, y - 174 - 155 = 3*k. What is the units digit of 11/(k/(-1220))*2/4?
1
Suppose -2*h + 17 + 4 = 5*t, 3*h - t - 6 = 0. Suppose h*z = -12, z + 3*z = 4*p. What is the tens digit of ((-5)/p - 0)*68?
8
Suppose -10*t + 276 = -4*t. Suppose -171 = -5*g - t. Suppose g = q - 174. What is the tens digit of q?
9
Suppose -204115 - 369324 = -19*c. What is the hundreds digit of c?
1
Let z(a) = -50*a - 104. Let w = 169 + -178. What is the tens digit of z(w)?
4
Let f = 5682 + -203. What is the thousands digit of f?
5
Let g(j) = 2*j**2 + 55*j - 81. What is the thousands digit of g(62)?
1
Let o(r) = -394*r**3 + 2*r**2 - 13*r - 18. What is the thousands digit of o(-2)?
3
Let l be 420/72 + (-3)/(-18). Suppose -2*j - 10*z = -l*z - 50, -120 = -4*j + 2*z. What is the tens digit of j?
2
Let i = 12749 - 10588. What is the hundreds digit of i?
1
Let y(f) = -f**3 - 8*f**2 - 6*f + 5. Let h be y(-6). Let l = h + 29. What is the tens digit of (8/6)/(l/(-75))?
5
Let u = 237 + 63. Let m = 284 + -489. Let y = u + m. What is the units digit of y?
5
Let m(b) = -238*b - 12*b**3 + 490*b + 2*b**2 - 239*b. What is the units digit of m(-3)?
3
What is the units digit of (-13118)/((-23)/(161/2))?
3
Let z = -367 - -394. Suppose -z = 8*a - 6451. What is the units digit of a?
3
Let y = 257 + -257. Suppose y = -2*h + 22*h - 18480. What is the hundreds digit of h?
9
Let t be (-2)/6*((-14)/(-7) + -5). What is the hundreds digit of -326*(-1 + (-3)/(-6)*t)?
1
Let y = 16 + -3. Let d(s) = -y*s**2 + s - 9 + 21*s**2 - 5*s**2. What is the tens digit of d(-3)?
1
Let x(q) = q**3 + 2*q**2 + 7*q - 3. Let c be x(3). Suppose 183 - c = z. Suppose z - 30 = 3*j. What is the units digit of j?
0
Let t be 8/10*(58 + 2). Suppose 8*b + t = 12*b. Suppose -1995 = b*y - 19*y. What is the hundreds digit of y?
2
Suppose -46*s + 16 = -42*s. Suppose 5 = s*q - 7. Suppose -q*z + 627 = 8*z. What is the units digit of z?
7
Let w(p) = -3*p**2 - 11 - p**3 + 6*p**2 - 2 + 8*p. Let i be w(4). Suppose g - 812 = -i*g. What is the tens digit of g?
0
Let t = -97 + 106. Suppose t*y = y + 2*y. Suppose -5*b - 28 + 663 = y. What is the units digit of b?
7
Let o(c) = -c**2 + 49*c + 46. Suppose 4*d + 55 = -3*a + 6*a, -3*d + 27 = a. What is the units digit of o(a)?
4
Let b(c) = -29*c + 1. Let a be b(-4). Let g(f) = 38*f + 457. Let q be g(-13). Let d = a + q. What is the units digit of d?
0
Let i(v) = 3*v**2 + 16*v + 1. Let r(h) = -4*h**2 - 17*h - 2. Let q(w) = -5*i(w) - 4*r(w). Let b be q(12). What is the units digit of (243 - -6)/(b/2)?
6
Suppose 10 = 4*j + j + 5*d, 2*j + 5*d + 2 = 0. Suppose -5*v + 3535 = -3*u, -6*u - 2828 = -j*v - 2*u. What is the tens digit of v?
0
Let t = 38 - 46. What is the units digit of (-4)/(t/798) + -3?
6
Let b = -409 - -351. What is the tens digit of ((-261)/b)/(-1 - 75/(-74))?
3
Let h(l) = -l**3 - 14*l**2 + 21*l - 18. Let t be -2*((-2)/(-5) - (-570)/75). What is the hundreds digit of h(t)?
1
Suppose 0 = 4*q + x, 0 = q + 3*x + 17 - 6. Suppose -2 = -m + q. Sup